{"id":1569,"date":"2018-12-08T11:00:35","date_gmt":"2018-12-08T11:00:35","guid":{"rendered":"https:\/\/demo.gloriathemes.com\/eventchamp\/demo\/?page_id=1569"},"modified":"2022-08-13T11:56:57","modified_gmt":"2022-08-13T09:56:57","slug":"qui-sommes-nous","status":"publish","type":"page","link":"https:\/\/ascoteam.com\/index.php\/qui-sommes-nous\/","title":{"rendered":"Qui sommes-nous"},"content":{"rendered":"<p>[vc_row][vc_column offset=\u00a0\u00bbvc_col-xs-12&Prime;][vc_widget_sidebar sidebar_id=\u00a0\u00bbgeneral-sidebar\u00a0\u00bb][vc_column_text css_animation=\u00a0\u00bbbounceInDown\u00a0\u00bb css=\u00a0\u00bb.vc_custom_1585429094520{margin-bottom: 0px !important;}\u00a0\u00bb]<\/p>\n<h2 style=\"text-align: center;\">Nous sommes 4 passionn\u00e9s par l&rsquo;\u00e9v\u00e9nementiel et ce depuis plus de 12 ans.<\/h2>\n<h2 style=\"text-align: center;\"><strong>A<\/strong>lexis<\/h2>\n<h2 style=\"text-align: center;\"><strong>S<\/strong>\u00e9bastien<\/h2>\n<h2 style=\"text-align: center;\"><strong>C<\/strong>hristian<\/h2>\n<h2 style=\"text-align: center;\"><strong>O<\/strong>livier<\/h2>\n<h2 style=\"text-align: center;\">&#8230; forme notre asbl &#8230;<\/h2>\n<p>[\/vc_column_text][vc_empty_space height=\u00a0\u00bb60px\u00a0\u00bb][vc_single_image image=\u00a0\u00bb1964&Prime; img_size=\u00a0\u00bbfull\u00a0\u00bb add_caption=\u00a0\u00bbyes\u00a0\u00bb alignment=\u00a0\u00bbcenter\u00a0\u00bb css_animation=\u00a0\u00bbfadeIn\u00a0\u00bb css=\u00a0\u00bb.vc_custom_1585429301128{margin-bottom: 0px !important;}\u00a0\u00bb][vc_column_text css_animation=\u00a0\u00bbbounceInUp\u00a0\u00bb css=\u00a0\u00bb.vc_custom_1586075864451{margin-bottom: 0px !important;}\u00a0\u00bb]<\/p>\n<h1 style=\"text-align: center;\">Notre association \u00e0 pour but de favoriser l&rsquo;expansion d&rsquo;activit\u00e9s tant sportives que culturelles, festives, artistiques, commerciales &#8230;<\/h1>\n<h1 style=\"text-align: center;\">Nous travaillons dans un esprit de renouvellement permanent qui nous permet de cr\u00e9er notamment l&rsquo;organisation de concerts, spectacles, marches, joggings, tournoi de foot &#8230;<\/h1>\n<p>[\/vc_column_text][\/vc_column][vc_column][\/vc_column][\/vc_row]<\/p>\n","protected":false},"excerpt":{"rendered":"<p>[vc_row][vc_column offset=\u00a0\u00bbvc_col-xs-12&Prime;][vc_widget_sidebar sidebar_id=\u00a0\u00bbgeneral-sidebar\u00a0\u00bb][vc_column_text css_animation=\u00a0\u00bbbounceInDown\u00a0\u00bb css=\u00a0\u00bb.vc_custom_1585429094520{margin-bottom: 0px !important;}\u00a0\u00bb] Nous sommes 4 passionn\u00e9s par l&rsquo;\u00e9v\u00e9nementiel et ce depuis plus de 12 ans. Alexis S\u00e9bastien Christian Olivier &#8230; forme notre asbl &#8230; [\/vc_column_text][vc_empty_space height=\u00a0\u00bb60px\u00a0\u00bb][vc_single_image image=\u00a0\u00bb1964&Prime; img_size=\u00a0\u00bbfull\u00a0\u00bb add_caption=\u00a0\u00bbyes\u00a0\u00bb alignment=\u00a0\u00bbcenter\u00a0\u00bb css_animation=\u00a0\u00bbfadeIn\u00a0\u00bb css=\u00a0\u00bb.vc_custom_1585429301128{margin-bottom: 0px !important;}\u00a0\u00bb][vc_column_text css_animation=\u00a0\u00bbbounceInUp\u00a0\u00bb css=\u00a0\u00bb.vc_custom_1586075864451{margin-bottom: 0px !important;}\u00a0\u00bb] Notre association \u00e0 pour but de favoriser l&rsquo;expansion d&rsquo;activit\u00e9s tant sportives que culturelles, festives, artistiques, commerciales &#8230; Nous travaillons dans un esprit de renouvellement permanent qui nous permet de cr\u00e9er notamment l&rsquo;organisation de concerts, spectacles, marches, joggings, tournoi de foot &#8230; [\/vc_column_text][\/vc_column][vc_column][\/vc_column][\/vc_row]<\/p>\n","protected":false},"author":1,"featured_media":0,"parent":0,"menu_order":0,"comment_status":"closed","ping_status":"closed","template":"","meta":[],"_links":{"self":[{"href":"https:\/\/ascoteam.com\/index.php\/wp-json\/wp\/v2\/pages\/1569"}],"collection":[{"href":"https:\/\/ascoteam.com\/index.php\/wp-json\/wp\/v2\/pages"}],"about":[{"href":"https:\/\/ascoteam.com\/index.php\/wp-json\/wp\/v2\/types\/page"}],"author":[{"embeddable":true,"href":"https:\/\/ascoteam.com\/index.php\/wp-json\/wp\/v2\/users\/1"}],"replies":[{"embeddable":true,"href":"https:\/\/ascoteam.com\/index.php\/wp-json\/wp\/v2\/comments?post=1569"}],"version-history":[{"count":31,"href":"https:\/\/ascoteam.com\/index.php\/wp-json\/wp\/v2\/pages\/1569\/revisions"}],"predecessor-version":[{"id":2103,"href":"https:\/\/ascoteam.com\/index.php\/wp-json\/wp\/v2\/pages\/1569\/revisions\/2103"}],"wp:attachment":[{"href":"https:\/\/ascoteam.com\/index.php\/wp-json\/wp\/v2\/media?parent=1569"}],"curies":[{"name":"wp","href":"https:\/\/api.w.org\/{rel}","templated":true}]}}